hat is -29126a + 241?
-291029
In base 16, what is -12a + -567efe?
-568028
In base 14, what is -c050 + 463?
-b9cb
In base 7, what is 3 + 3625353565?
3625353601
In base 5, what is 112441414 - 3212?
112433202
In base 13, what is 1 + 393989?
39398a
In base 15, what is -9 - -e235b?
e2352
In base 6, what is 1304520 + -3551?
1300525
In base 6, what is 13 + 1021540?
1021553
In base 4, what is 13210121222 - -21?
13210121303
In base 5, what is 402 + 132243412?
132244314
In base 8, what is 151753 + -1534?
150217
In base 10, what is 5 + 2335667?
2335672
In base 14, what is 748 + 88c2?
922a
In base 6, what is 25 - -130124314?
130124343
In base 12, what is -4a6 - 431976?
-432260
In base 15, what is -3014ed + -4?
-301502
In base 16, what is 5dd - 2ad9?
-24fc
In base 6, what is 2 + -1140010023?
-1140010021
In base 12, what is -8698ab97 - 3?
-8698ab9a
In base 7, what is 0 - -1631525620?
1631525620
In base 3, what is 102201112112 - -100022?
102201212211
In base 10, what is -97 - 4465301?
-4465398
In base 11, what is 2805855 + 3?
2805858
In base 15, what is 1ac5 - -36d9?
52ae
In base 10, what is -3 + 5035019?
5035016
In base 4, what is -3230322112322 + 11?
-3230322112311
In base 2, what is -1111110111111000000 - -110110011?
-1111110111000001101
In base 2, what is 10100111011000110001011100 - 100?
10100111011000110001011000
In base 9, what is -171 - 187747?
-188028
In base 5, what is 3042022 - 22?
3042000
In base 14, what is -365549 + -b?
-365556
In base 15, what is -7b2 - c3?
-885
In base 7, what is -360405 + -1000?
-361405
In base 16, what is 4571 - -2084?
65f5
In base 8, what is 2 - 6352743?
-6352741
In base 16, what is -244a44 - -66?
-2449de
In base 2, what is -10100 - -100101000110101000?
100101000110010100
In base 2, what is 11000001 - 10111100100000110110?
-10111100011101110101
In base 9, what is 3 + -5103274?
-5103271
In base 6, what is 340125043 + -32?
340125011
In base 9, what is 3744 - -132?
3876
In base 16, what is -8 + 22aaaf1?
22aaae9
In base 9, what is 833280 + -4?
833275
In base 9, what is -3586618 - 2?
-3586621
In base 15, what is 40 - -45e18d?
45e1cd
In base 2, what is 1100010100101 - -10111000011?
1111001101000
In base 15, what is 1 + -db6a52?
-db6a51
In base 3, what is -11 + 102120222100102120?
102120222100102102
In base 4, what is -130331 + -11322323?
-12113320
In base 9, what is 7241 - 23470?
-15228
In base 4, what is 200201031 + 121032?
200322123
In base 10, what is 22 + 387872?
387894
In base 4, what is 22012112321 + 1?
22012112322
In base 15, what is -123a6 + 76?
-12330
In base 5, what is -3442343421 + -203?
-3442344124
In base 2, what is -10111011 + -111001011111?
-111100011010
In base 13, what is 4 + 4c5226?
4c522a
In base 6, what is 41013 - -4314?
45331
In base 8, what is -102526 - -2102?
-100424
In base 12, what is -b - 2021204?
-2021213
In base 14, what is -60c7 - 24537?
-2a620
In base 6, what is -10 - 4450115520?
-4450115530
In base 9, what is -14451372 - 3?
-14451375
In base 3, what is -2 - -1221121022111?
1221121022102
In base 5, what is -12244 - 140413240?
-140431034
In base 5, what is 3 - 21341301404?
-21341301401
In base 16, what is afe797 - -1?
afe798
In base 2, what is 10001110 - -100010110011110110?
100010110110000100
In base 14, what is -1c9 + -109634?
-10981d
In base 13, what is 0 - c62ba71?
-c62ba71
In base 12, what is -858b185 - 9?
-858b192
In base 14, what is -2bb597 - 8?
-2bb5a1
In base 4, what is 13201 + -130231220?
-130212013
In base 14, what is 14444 + -1204?
13240
In base 9, what is -2473436 + 108?
-2473327
In base 12, what is -7780 + -142b?
-8bab
In base 13, what is 6 + c9a57c8?
c9a5801
In base 16, what is 2246f6 + -a?
2246ec
In base 2, what is 110010001 + -110001101011011?
-110000111001010
In base 6, what is -152101023 - 13?
-152101040
In base 6, what is 51 - 235132?
-235041
In base 5, what is -330334 + 224211?
-101123
In base 10, what is 3475 - -678?
4153
In base 2, what is -1101010011 - -1100011110010100?
1100010001000001
In base 6, what is -10433500 + 144?
-10433312
In base 6, what is 0 + -10242054455?
-10242054455
In base 7, what is -26255152 - 36?
-26255221
In base 4, what is -31221301033323 + -2?
-31221301033331
In base 15, what is 4 + -17747a3?
-177479e
In base 9, what is 18813 - -623?
20536
In base 10, what is -123341 - 35?
-123376
In base 11, what is -3010370 + -24?
-3010394
In base 6, what is -551005 - 55?
-551104
In base 12, what is -856a9 + -53?
-85740
In base 4, what is -11 - -30122313323?
30122313312
In base 4, what is 103320 + -1020311?
-310331
In base 12, what is 26 + -a2495?
-a246b
In base 12, what is -19117 + 25a9?
-1672a
In base 7, what is -560 + -10313215?
-10314105
In base 8, what is -2637440 + 15?
-2637423
In base 10, what is 0 - -49865091?
49865091
In base 3, what is 1 + 22100210121000?
22100210121001
In base 14, what is 26db - -290?
298b
In base 14, what is 3 + -2c47525?
-2c47522
In base 4, what is 3113 - -1212301120?
1212310233
In base 8, what is -3 - -35732111?
35732106
In base 8, what is 7171 - 251214?
-242023
In base 9, what is 73426651 - 13?
73426637
In base 7, what is -15663314631 + 4?
-15663314624
In base 5, what is -10340424223 + -2?
-10340424230
In base 9, what is 6 + -1156543?
-1156536
In base 4, what is -11 + -3002221021033?
-3002221021110
In base 4, what is 1211100022 - 1311?
1211032111
In base 6, what is -4 - -121500451?
121500443
In base 11, what is -715382 - 1a?
-7153a1
In base 2, what is -101111101 - -11101111001010101010?
11101111000100101101
In base 13, what is 3 + -17670bc?
-17670b9
In base 9, what is 38681224 - 4?
38681220
In base 7, what is 510331 + 2452?
513113
In base 2, what is -110100010110110001111111000 - 11?
-110100010110110001111111011
In base 9, what is 2 + 32727225?
32727227
In base 16, what is 0 - -db7ef4?
db7ef4
In base 13, what is -1640a6220 - -5?
-1640a6218
In base 9, what is -66333605 + -4?
-66333610
In base 11, what is 901 - 6830?
-5a2a
In base 11, what is 75 + -16977?
-16902
In base 6, what is -24525 + -52210?
-121135
In base 11, what is -245270 - -a5?
-245176
In base 5, what is 21 - -3214323433?
3214324004
In base 3, what is 10120021101022010 - -101?
10120021101022111
In base 9, what is 1 - 15336552?
-15336551
In base 4, what is 120100333222 + 1?
120100333223
In base 6, what is 1 + 2234253141?
2234253142
In base 9, what is 23842780 - -5?
23842785
In base 4, what is -2123 + 201301233?
201233110
In base 10, what is 3 - 1591?
-1588
In base 15, what is 234 + -81c33?
-819ee
In base 13, what is 52 - -69746?
69798
In base 5, what is -13 + 13224224321?
13224224303
In base 10, what is -5 - 11539130?
-11539135
In base 15, what is 91 - -231b?
23ac
In base 5, what is -421321422041 + -4?
-421321422100
In base 12, what is 1 - -7a2b47?
7a2b48
In base 14, what is 62d2 + -283?
604d
In base 2, what is -1100010101 - 111001100001001111?
-111001101101100100
In base 10, what is -4 - -24220880?
24220876
In base 15, what is 52c1 + 579?
584a
In base 15, what is 2 - -13a670dd?
13a670e0
In base 4, what is 3303232 - 12223?
3231003
In base 12, what is 569 + -3b707?
-3b15a
In base 8, what is 1725266275 - 3?
1725266272
In base 7, what is -2 - -24445344?
24445342
In base 4, what is -1 + -12311132101?
-12311132102
In base 5, what is -1020404400 - -3?
-1020404342
In base 6, what is -12 - -4331534024?
4331534012
In base 5, what is 0 - -20001243101?
20001243101
In base 6, what is -111301 + 23045?
-44212
In base 10, what is -1622268 + -19?
-1622287
In base 15, what is -1 + -4785e4?
-4785e5
In base 2, what is 110111011110110011110101101 + -11?
110111011110110011110101010
In base 9, what is 183 + 23880?
24173
In base 8, what is -10776120 + 402?
-10775516
In base 16, what is 88c2b7 - 20?
88c297
In base 10, what is 1 + -13415269?
-13415268
In base 6, what is 1031 + -2231334?
-2230303
In base 9, what is 328 - 253262?
-252833
In base 14, what is 60 - 123c0?
-12360
In base 14, what is 1b3580b - 0?
1b3580b
In base 3, what is -20001020 + -10000011?
-100001101
In base 12, what is 3ab01 - -800?
3b701
In base 6, what is 105245315 + 1?
105245320
In base 9, what is -836760542 - 4?
-836760546
In base 16, what is 32b6 + -225?
3091
In base 3, what is -212 - 210121022001002?
-210121022001221
In base 4, what is 332313101222 + 11?
332313101233
In base 7, what is 16622 + -203?
16416
In base 10, what is 